{"id":220,"date":"2025-11-11T02:43:21","date_gmt":"2025-11-11T01:43:21","guid":{"rendered":"https:\/\/medicalsupply.cl\/chile\/?post_type=product&#038;p=220"},"modified":"2025-11-19T13:04:29","modified_gmt":"2025-11-19T12:04:29","slug":"set-de-agujas-de-fistula-a-v","status":"publish","type":"product","link":"https:\/\/medicalsupply.cl\/chile\/?product=set-de-agujas-de-fistula-a-v","title":{"rendered":"Set de Agujas de F\u00edstula A.V."},"content":{"rendered":"<p>Set de Agujas de F\u00edstula A.V.<\/p>\n<p><strong>Aguja de ala giratoria<\/strong>: Ala giratoria para una f\u00e1cil manipulaci\u00f3n.<\/p>\n<p><strong>Dise\u00f1o mejorado del poro de la aguja<\/strong>: Desviaci\u00f3n del flujo sangu\u00edneo en m\u00faltiples direcciones y mejora el flujo sangu\u00edneo.<\/p>\n<p><a href=\"https:\/\/medicalsupply.cl\/chile\/fichas\/agujas_de_fistula.pdf\">Ficha t\u00e9cnica del producto<\/a><\/p>\n","protected":false},"excerpt":{"rendered":"<p>Set de Agujas de F\u00edstula A.V. Aguja de ala giratoria: Ala giratoria para una f\u00e1cil manipulaci\u00f3n. Dise\u00f1o mejorado del poro de la aguja: Desviaci\u00f3n del flujo sangu\u00edneo en m\u00faltiples direcciones y mejora el flujo sangu\u00edneo. Ficha t\u00e9cnica del producto<\/p>\n","protected":false},"featured_media":311,"comment_status":"open","ping_status":"closed","template":"","meta":[],"product_brand":[],"product_cat":[],"product_tag":[],"class_list":{"0":"post-220","1":"product","2":"type-product","3":"status-publish","4":"has-post-thumbnail","7":"first","8":"instock","9":"shipping-taxable","10":"product-type-simple"},"_links":{"self":[{"href":"https:\/\/medicalsupply.cl\/chile\/index.php?rest_route=\/wp\/v2\/product\/220","targetHints":{"allow":["GET"]}}],"collection":[{"href":"https:\/\/medicalsupply.cl\/chile\/index.php?rest_route=\/wp\/v2\/product"}],"about":[{"href":"https:\/\/medicalsupply.cl\/chile\/index.php?rest_route=\/wp\/v2\/types\/product"}],"replies":[{"embeddable":true,"href":"https:\/\/medicalsupply.cl\/chile\/index.php?rest_route=%2Fwp%2Fv2%2Fcomments&post=220"}],"wp:featuredmedia":[{"embeddable":true,"href":"https:\/\/medicalsupply.cl\/chile\/index.php?rest_route=\/wp\/v2\/media\/311"}],"wp:attachment":[{"href":"https:\/\/medicalsupply.cl\/chile\/index.php?rest_route=%2Fwp%2Fv2%2Fmedia&parent=220"}],"wp:term":[{"taxonomy":"product_brand","embeddable":true,"href":"https:\/\/medicalsupply.cl\/chile\/index.php?rest_route=%2Fwp%2Fv2%2Fproduct_brand&post=220"},{"taxonomy":"product_cat","embeddable":true,"href":"https:\/\/medicalsupply.cl\/chile\/index.php?rest_route=%2Fwp%2Fv2%2Fproduct_cat&post=220"},{"taxonomy":"product_tag","embeddable":true,"href":"https:\/\/medicalsupply.cl\/chile\/index.php?rest_route=%2Fwp%2Fv2%2Fproduct_tag&post=220"}],"curies":[{"name":"wp","href":"https:\/\/api.w.org\/{rel}","templated":true}]}}