{"id":17,"date":"2025-11-04T15:24:18","date_gmt":"2025-11-04T14:24:18","guid":{"rendered":"https:\/\/medicalsupply.cl\/chile\/?page_id=17"},"modified":"2025-11-10T16:05:05","modified_gmt":"2025-11-10T15:05:05","slug":"lorem-ipsum-is-simply-text-2","status":"publish","type":"page","link":"https:\/\/medicalsupply.cl\/chile\/?page_id=17","title":{"rendered":"SOBRE MEDICAL SUPPLY"},"content":{"rendered":"<p>Es una empresa chilena especializada en la importaci\u00f3n, distribuci\u00f3n y comercializaci\u00f3n de dispositivos m\u00e9dicos, con especial enfoque en el \u00e1rea renal y di\u00e1lisis, como en el \u00e1rea de enfermer\u00eda y hospitalaria.<\/p>\n<p>Nuestro compromiso es colaborar en la entrega de un servicio personalizado y de alta calidad a precios accesibles para nuestros clientes, seleccionando cuidadosamente las alianzas comerciales que realizamos.<\/p>\n","protected":false},"excerpt":{"rendered":"<p>Es una empresa chilena especializada en la importaci\u00f3n, distribuci\u00f3n y comercializaci\u00f3n de dispositivos m\u00e9dicos, con especial enfoque en el \u00e1rea renal y di\u00e1lisis, como en el \u00e1rea de enfermer\u00eda y hospitalaria. Nuestro compromiso es colaborar en la entrega de un servicio personalizado y de alta calidad a precios accesibles para nuestros clientes, seleccionando cuidadosamente las [&hellip;]<\/p>\n","protected":false},"author":1,"featured_media":61,"parent":0,"menu_order":0,"comment_status":"closed","ping_status":"closed","template":"","meta":{"footnotes":""},"class_list":["post-17","page","type-page","status-publish","has-post-thumbnail","hentry"],"_links":{"self":[{"href":"https:\/\/medicalsupply.cl\/chile\/index.php?rest_route=\/wp\/v2\/pages\/17","targetHints":{"allow":["GET"]}}],"collection":[{"href":"https:\/\/medicalsupply.cl\/chile\/index.php?rest_route=\/wp\/v2\/pages"}],"about":[{"href":"https:\/\/medicalsupply.cl\/chile\/index.php?rest_route=\/wp\/v2\/types\/page"}],"author":[{"embeddable":true,"href":"https:\/\/medicalsupply.cl\/chile\/index.php?rest_route=\/wp\/v2\/users\/1"}],"replies":[{"embeddable":true,"href":"https:\/\/medicalsupply.cl\/chile\/index.php?rest_route=%2Fwp%2Fv2%2Fcomments&post=17"}],"version-history":[{"count":2,"href":"https:\/\/medicalsupply.cl\/chile\/index.php?rest_route=\/wp\/v2\/pages\/17\/revisions"}],"predecessor-version":[{"id":62,"href":"https:\/\/medicalsupply.cl\/chile\/index.php?rest_route=\/wp\/v2\/pages\/17\/revisions\/62"}],"wp:featuredmedia":[{"embeddable":true,"href":"https:\/\/medicalsupply.cl\/chile\/index.php?rest_route=\/wp\/v2\/media\/61"}],"wp:attachment":[{"href":"https:\/\/medicalsupply.cl\/chile\/index.php?rest_route=%2Fwp%2Fv2%2Fmedia&parent=17"}],"curies":[{"name":"wp","href":"https:\/\/api.w.org\/{rel}","templated":true}]}}